 = -8*k**2 - k**3 + 7 - k + 2*k**2 - 4*k. Determine o(v).
7
Let h(u) be the third derivative of -u**5/60 - 5*u**4/24 + u**3/6 + 7*u**2. Suppose 0 = 2*l - 4*x - 4, 3*x = -2*l - 0*l - 24. Determine h(l).
-5
Let a(j) = -3*j**3 - 10*j**2 - 6*j + 9. Let o(n) = -7*n**3 - 21*n**2 - 12*n + 18. Let q(l) = 5*a(l) - 2*o(l). What is q(-7)?
2
Let t be 4*(-2)/((-16)/(-12)). Let g(d) = -d**2 - 4*d + 5. Determine g(t).
-7
Let p(n) = -3*n + 7. Let y = -24 + 17. Let k(d) = -d + 2. Let i be 32/18 + 8/36. Let g(t) = i*p(t) + y*k(t). Determine g(-4).
-4
Let t(l) = l - 3. Suppose 0 = -d - 4 + 6. Suppose 0 = f + 3*f + 2*o - 18, -2*f + 4 = d*o. Determine t(f).
4
Let z(b) = -3*b + 6*b - 8 - 6 + 8. Determine z(5).
9
Let n(r) = -5*r**2 - 13*r - 6. Let c(z) = 3*z**2 + 7*z + 3. Let o(b) = 7*c(b) + 4*n(b). Let j be 4/10 - (-13)/5. Calculate o(j).
-3
Suppose 0*a - a = -5*r - 11, -5*a - 3*r - 1 = 0. Let l(n) = -2*n - 18. Let t(h) = -1. Let g(p) = a*l(p) - 12*t(p). Calculate g(-5).
4
Suppose 10*o - 6 = 14. Let x(b) be the second derivative of 2*b + 7/6*b**3 + 0 - 1/12*b**4 - 7/2*b**o. Calculate x(5).
3
Let h(q) be the third derivative of -q**5/60 - 3*q**4/8 - 5*q**3/6 + q**2. Give h(-8).
3
Let u = 17 + -10. Let w = u - 4. Suppose 0 = -w*q - q. Let d(j) = -j**2 - j + 3. Calculate d(q).
3
Suppose -4*i + 9*i = 3*t - 22, -2*t + 2 = 3*i. Let g(p) = 3*p + 1. Determine g(t).
13
Let d(q) be the third derivative of -q**6/120 - q**5/20 + q**4/24 + q**3/2 + 6*q**2. Let r = 4 - 7. Let v be d(r). Let k(t) = t**2 - t + 3. Determine k(v).
3
Suppose 2*j - 1 + 7 = 2*l, -2*j = l + 6. Suppose 4 = g - 0. Let n(d) = g - d + l*d - 11. Determine n(-6).
-1
Let b(v) be the third derivative of v**5/15 - 42*v**2. Calculate b(-1).
4
Let g(t) = -2*t**2 + 5*t + 4. Let n = -2 - -7. Suppose -n*f + 35 = -p, 29 = 4*f - 2*p - 5. Let q be (2 + f)*2/4. Determine g(q).
-8
Let y(g) be the first derivative of g**4/4 - 2*g**3 - 3*g**2 - 9*g - 4. Determine y(7).
-2
Let s be (-2)/1 + 8/2. Let q(f) = 5*f**s - f**3 + 2*f**3 + 3*f + 4 - 1. Give q(-4).
7
Let h(k) be the third derivative of k**4/24 + k**3/6 - 11*k**2. Give h(-6).
-5
Suppose 3*m = -5*s + 6, 4*m + 2*s - 3*s - 8 = 0. Let d(t) = -2*t + 5*t + 0*t**2 - 1 + 3*t**m - 5*t. Give d(-1).
4
Let j be (12/9 - 1)*1. Let g(b) be the third derivative of -b**2 + 1/60*b**5 + 0*b + 0 - j*b**3 + 0*b**4. Calculate g(0).
-2
Let q(d) = d**3 + d**2 - d - 3. Let a = -6 - -6. Calculate q(a).
-3
Let m(q) be the second derivative of -q**3/6 - q**2/2 - 3*q. Let p(c) = -5*c - 5. Let i(o) = -4*m(o) + p(o). Determine i(-5).
4
Suppose -4*i - 4 = 0, -4*z + i + 29 = -4*i. Suppose -4*n = 2*b + z, 5*b - 2 = 3. Let c(k) = 4*k + 3. Calculate c(n).
-5
Let q(z) = 13*z + 20. Let p(i) = 0 - 6*i - 10 - i. Let w(h) = 11*p(h) + 6*q(h). Calculate w(-5).
5
Let l(w) = w**2 - 5*w + 2. Let c be 132/(-13) + (-2)/(-13). Let k be 1/((-2)/c) + -2. Let h be (k/2)/((-9)/(-30)). Calculate l(h).
2
Let u(b) = b + 5. Let v be u(-4). Let a be v*(0 + (-6)/(-3)). Suppose -3*o = 5*n - a, -3*o + 5*n + 15 + 7 = 0. Let y(f) = -3*f + 5. Give y(o).
-7
Suppose -5*k - 3*s + 40 = 0, 5*s - 31 = -6. Let g(p) = 2*p - 5. Give g(k).
5
Let f(j) = j + 2. Let i = 17 + -5. Let m = -9 + 12. Let t be -2*m/i*0. What is f(t)?
2
Let r(a) = -2*a + 0 + 12 - 11. What is r(-6)?
13
Suppose 2*j + 2 = 14. Suppose 5 = -4*n + j*u - u, -3*n - 5*u = -5. Let p be -5*(2 + n + -3). Let l(g) = g. Determine l(p).
5
Let l(t) = 2*t + 3. Suppose 5*v + 0 = 3*m + 4, m = -5*v - 8. Let u(x) = -4*x. Let r be u(v). Suppose 0 = -c + 6*c + 3*d + 9, 0 = 3*c - r*d + 17. Calculate l(c).
-3
Suppose -4*p - c - 18 = -2, -2*p - 4*c = -6. Let f(u) be the second derivative of u**3/6 + u**2 + u. Give f(p).
-3
Let s(t) = -5*t**3 - 5*t**2 + 2*t + 5. Let m(w) = -11*w**3 - 11*w**2 + 5*w + 11. Let z(o) = 4*m(o) - 9*s(o). Determine z(-2).
-9
Let h be ((-45)/(-10) + -3)/(1/2). Let q(f) be the second derivative of 3/2*f**2 - 3*f + 0 + 0*f**h + 1/12*f**4. Calculate q(0).
3
Let x be (0 - -1)/(7/14). Let c(z) be the third derivative of 5/6*z**3 + 0 + 0*z + 1/24*z**4 + z**x. Calculate c(0).
5
Let a(b) = -b - 10. Suppose -i + 6*i = 0. Calculate a(i).
-10
Let l(v) = -v**2 + 7*v - 6. Let r(d) = -d**2 - 9*d - 3. Let f be r(-8). Calculate l(f).
4
Let r(o) be the third derivative of -o**5/60 - o**4/8 + 2*o**3/3 - 18*o**2. Determine r(-7).
-24
Let w be (-40)/(-6) - 8/12. Let z(a) = -2 + 0 - 7*a + a - a**3 + w*a**2 + a. Calculate z(5).
-2
Let c(m) be the first derivative of m**2/2 + 7*m - 1. Let u = -2 + 2. Suppose 0*x - 5*x = u. Give c(x).
7
Let u(m) = 1. Let w(b) = -b - 8. Let y(c) = -5*u(c) - w(c). What is y(-10)?
-7
Let o(p) = 3*p - 5. Let c(u) = -11*u**2. Let s be c(1). Let n(h) = h - 2. Let y(a) = s*n(a) + 4*o(a). Give y(-6).
-4
Let b(m) = -16*m + 1. Suppose -u - 4*o - 6 - 15 = 0, 5*o = -4*u - 29. Determine b(u).
17
Let j(a) = 3*a**2 - 4*a + 2. Let h(d) = -4*d**2 + 3*d - 1. Let b(p) = 3*h(p) + 2*j(p). Determine b(-1).
-6
Let z(u) = -u + 1. Let a(m) = -3*m**2 - 8*m + 2. Suppose 0 = -5*c - 0*c + 20. Let o(r) = c*z(r) - a(r). Give o(-2).
6
Let q(i) = i**2 + 1. Let p(a) = a - 9. Let z be p(10). Let s(u) = 4*u**2 - 3*u + 6. Let n(j) = z*s(j) - 5*q(j). Let w be -4 - (1 + (0 - 2)). Calculate n(w).
1
Let o(j) = -j**3 - j. Let q(t) = 2*t**3 + 3*t**2 + 8*t. Let v be -2*(-1)/1 - 5. Let a(g) = v*o(g) - q(g). What is a(4)?
-4
Let q be 3 - 3/((-9)/3). Suppose -l - 27 = 3*p, -15 = -p + q*p. Let a = -7 - l. Let m(s) = -3*s + 7. Determine m(a).
-8
Let m(q) = q**2 - 10*q + 20. Let n be m(7). Let o(j) = 3*j**2 - j. Calculate o(n).
4
Let k(c) = -4*c**2 - 12*c + 5. Let o(z) = -z**2 - 3*z + 1. Let p(v) = 2*k(v) - 9*o(v). Suppose -s = s - 18. Let q be (-4)/18 + (-16)/s. Calculate p(q).
-1
Let p(d) = -d**3 - 4*d**2 + 3*d - 6. Let j(v) = v**2 + 6 - 9*v - 2 + 5. Suppose 4*g = 5*r + 38, 3*g = -4*r - r + 11. Let t be j(g). Calculate p(t).
4
Let n(r) = 2*r**3 + 4*r**2 - r + 1. Suppose -5*j = -2*v + 6, -j + 5*v + 6 + 2 = 0. Let t be (2 + 1)/(-3) + j. What is n(t)?
-14
Let t(j) be the second derivative of -j**5/10 + j**4/6 - j**2/2 + j. Let m = -5 - -7. Suppose 4*p = m*k - 4, -k - 3*k = 2*p + 2. What is t(p)?
3
Let g(l) be the third derivative of l**8/6720 - l**7/504 + l**6/720 - l**5/60 + l**4/6 + 4*l**2. Let q(y) be the second derivative of g(y). Calculate q(5).
3
Let j(m) = m**3 - m + 2. Let r be j(0). Suppose -3*h + r*h = 0. Suppose 3 = -d - h*d. Let l(b) = -b**2 - 6*b + 1. What is l(d)?
10
Let p(i) = -35*i + 16*i + 15*i + 2 + i**2. Suppose 4*x - 6 - 6 = 0. What is p(x)?
-1
Let p = 10 - 18. Let l(k) = -k - 13. What is l(p)?
-5
Let d be ((-16)/(-20))/(2/(-15)). Let y(q) = -q**2 - 7*q + 3. Calculate y(d).
9
Let n(h) = -20*h + 11*h + 1 - 7 + 8*h. Suppose 0 = -2*z + 4*z + 3*o, 3*o + 6 = -3*z. Calculate n(z).
0
Let k(y) = -y - 1347 + 667 + 666. Suppose 0*l = 5*l - 2*c + 32, 24 = -5*l + 4*c. Give k(l).
-6
Let s(t) be the first derivative of -t**4/4 + 4*t**3/3 + 5*t**2/2 - 3*t - 11. Determine s(5).
-3
Let d(v) be the third derivative of v**6/120 - v**5/10 - 4*v**3/3 - 12*v**2. Let w(t) = -t + 6. Let o be w(6). Suppose -3*g + 18 = -o*g. Determine d(g).
-8
Suppose 3*q + 2*q - 40 = 0. Suppose q = -2*g + 3*x, -4*g - 15 = 5*x + 1. Let l(k) = k**2 + 5*k - 2. Determine l(g).
-6
Let y(w) be the second derivative of -7*w**3/6 + w**2/2 + 6*w. Calculate y(2).
-13
Let f(b) = 4*b**3 - 3*b**3 - 4 - 4*b - 6*b + 3*b + b**2. Let q(z) = z**2 - 6*z - 3. Let d(k) = 4*f(k) - 5*q(k). Calculate d(1).
4
Suppose -3*g - 2*n - 10 = -7*g, 0 = 3*g - 4*n - 5. Let q be (3 - 0)/3 - g. Let h(w) = -w**2 - w + 1. Calculate h(q).
-1
Let s = 30 - 3. Let l be (s/(-18))/((-2)/(-4)). Let i(n) = -n**2 - 4*n - 2. Give i(l).
1
Let b(m) be the third derivative of 0 + 4*m**2 + 1/3*m**3 - 1/8*m**4 + 0*m. Let f(q) = -q**2 - 5*q + 2. Let d be f(-5). What is b(d)?
-4
Let q(n) = -22*n + 39*n - 19*n + 2. Calculate q(2).
-2
Let g(v) be the second derivative of v**5/20 + v**4/6 + 2*v**2 - 9*v. Determine g(-3).
-5
Let k be ((-2)/(-4))/(3/18). Let l = 17 - 14. Let g(x) = 0*x**3 + 4*x**2 + 4*x + 2 + 2*x**3 - l*x**k. Determine g(5).
-3
Let v(o) = 4*o**2 - 13*o + 16. Let l(q) = q**2 - 4*q + 5. Let i(r) = -7*l(r) + 2*v(r). Determine i(-3).
0
Let f(q) = q**3 + 2*q**2 - q + 2. Let d be ((-4)/6)/(14/42). Determine f(d).
4
Suppose -3*i = -6*i - 6. Let s(j) = 2*j + 4. Let n(f) = 1. Le